oes 198 divide 123868?
False
Is 8 a factor of 17667592?
True
Does 2 divide 411269?
False
Is 107 a factor of 69443?
True
Does 99 divide 744084?
True
Does 10 divide 1095348?
False
Is 1842826 a multiple of 31?
True
Is 11 a factor of 100320?
True
Is 20858844 a multiple of 79?
True
Is 32 a factor of 1672379?
False
Is 14379824 a multiple of 116?
True
Is 22 a factor of 459096?
True
Does 23 divide 96554?
True
Is 62916 a multiple of 11?
False
Does 7 divide 160489?
True
Is 1102 a factor of 7401032?
True
Is 26 a factor of 482170?
True
Is 1168653 a multiple of 69?
True
Does 3 divide 617216?
False
Is 5229994 a multiple of 14?
True
Is 7006981 a multiple of 748?
False
Does 334 divide 705408?
True
Is 52855 a multiple of 55?
True
Is 461 a factor of 1553270?
False
Is 33 a factor of 1033029?
False
Is 536109 a multiple of 67?
False
Is 9597588 a multiple of 658?
True
Is 895548 a multiple of 28?
False
Is 152 a factor of 11385408?
True
Does 42 divide 9410351?
False
Is 220 a factor of 1945240?
True
Is 620256 a multiple of 104?
True
Is 22 a factor of 2278837?
False
Is 196447 a multiple of 54?
False
Is 25 a factor of 2801425?
True
Is 38 a factor of 4527358?
True
Is 823 a factor of 2263047?
False
Is 2 a factor of 6730?
True
Is 388 a factor of 344544?
True
Does 16 divide 2299338?
False
Does 9 divide 129699?
True
Is 5 a factor of 394137?
False
Is 1732090 a multiple of 11?
False
Does 42 divide 20664?
True
Does 662 divide 361443?
False
Is 21 a factor of 25019?
False
Does 3 divide 1187937?
True
Does 26 divide 11619133?
False
Is 5403709 a multiple of 276?
False
Is 41 a factor of 124867?
False
Is 138 a factor of 104602?
False
Is 40 a factor of 479636?
False
Is 20 a factor of 256820?
True
Is 5 a factor of 4907?
False
Is 27 a factor of 48978?
True
Is 914602 a multiple of 8?
False
Is 134670 a multiple of 38?
False
Does 47 divide 8603?
False
Is 180705 a multiple of 105?
True
Is 51330 even?
True
Does 35 divide 3424750?
True
Does 1099 divide 5922977?
False
Is 296 a factor of 68067?
False
Does 65 divide 100269?
False
Does 16 divide 1201334?
False
Is 4394508 a multiple of 15?
False
Is 5946624 a multiple of 18?
True
Is 301 a factor of 144434?
False
Does 320 divide 1445760?
True
Does 2193 divide 10149204?
True
Is 229 a factor of 3808499?
True
Does 3 divide 5216?
False
Is 20 a factor of 2362?
False
Is 2745237 a multiple of 1539?
False
Does 34 divide 2017186?
True
Does 19 divide 243675?
True
Is 5820 a multiple of 60?
True
Is 61 a factor of 118584?
True
Does 716 divide 2478792?
True
Is 145 a factor of 133503?
False
Is 249 a factor of 69471?
True
Does 13 divide 1273913?
False
Does 229 divide 2025963?
True
Does 52 divide 303732?
True
Is 216480 a multiple of 165?
True
Does 275 divide 2974125?
True
Is 12921909 a multiple of 13?
True
Does 5 divide 187225?
True
Does 5 divide 8939?
False
Does 29 divide 6924649?
True
Is 286 a factor of 719224?
False
Does 34 divide 241313?
False
Is 27 a factor of 683721?
True
Is 14 a factor of 1196?
False
Is 6 a factor of 1040403?
False
Does 378 divide 385182?
True
Does 63 divide 421533?
True
Is 44 a factor of 1904232?
True
Is 4752 a multiple of 8?
True
Does 6 divide 17790?
True
Is 27 a factor of 289717?
False
Is 35 a factor of 14210?
True
Does 95 divide 218872?
False
Is 135065 a multiple of 46?
False
Is 1145628 a multiple of 132?
True
Is 8 a factor of 4861904?
True
Is 1075103 a multiple of 31?
False
Is 304900 a multiple of 76?
False
Is 193 a factor of 1271031?
False
Is 342296 a multiple of 8?
True
Is 1306578 a multiple of 42?
True
Does 109 divide 10443550?
False
Does 11 divide 167948?
True
Is 42606 a multiple of 133?
False
Does 54 divide 43827?
False
Is 324164 a multiple of 11?
False
Is 7069900 a multiple of 95?
True
Does 5 divide 94251?
False
Does 110 divide 51338?
False
Is 10 a factor of 579397?
False
Does 17 divide 209602?
False
Is 17 a factor of 249458?
True
Does 108 divide 2863404?
True
Is 119500 a multiple of 50?
True
Is 61091 a multiple of 59?
False
Is 56500 a multiple of 65?
False
Is 407189 a multiple of 551?
True
Does 20 divide 3130040?
True
Is 8006986 a multiple of 13?
True
Does 700 divide 349325?
False
Does 104 divide 5512?
True
Is 49182 a multiple of 21?
True
Is 2256457 a multiple of 47?
False
Is 16 a factor of 97504?
True
Does 624 divide 5399801?
False
Does 20 divide 14864294?
False
Does 214 divide 367010?
True
Does 14 divide 17291?
False
Does 67 divide 150214?
True
Is 16 a factor of 8313394?
False
Is 378405 a multiple of 135?
True
Is 124 a factor of 342237?
False
Is 2939706 a multiple of 49?
True
Is 2143872 a multiple of 48?
True
Does 564 divide 7330147?
False
Is 4368580 a multiple of 119?
False
Does 13 divide 872302?
False
Is 430875 a multiple of 6?
False
Is 34 a factor of 686562?
True
Is 367 a factor of 689188?
False
Is 238 a factor of 1019592?
True
Does 2 divide 7442?
True
Is 292 a factor of 544872?
True
Is 37 a factor of 268452?
False
Is 291570 a multiple of 30?
True
Does 20 divide 1111232?
False
Does 8 divide 1144?
True
Does 49 divide 844521?
False
Does 1564 divide 2747801?
False
Does 441 divide 3378501?
True
Does 19 divide 2261?
True
Is 521 a factor of 551218?
True
Is 69863 a multiple of 21?
False
Does 469 divide 1702470?
True
Is 499 a factor of 899507?
False
Is 103424 a multiple of 12?
False
Is 43 a factor of 94645?
False
Does 306 divide 18441696?
False
Does 23 divide 59800?
True
Does 31 divide 7869908?
True
Is 63 a factor of 1160271?
True
Is 42 a factor of 1523046?
True
Does 13 divide 348251?
False
Is 7 a factor of 704?
False
Is 11 a factor of 27939?
False
Is 149403 a multiple of 8?
False
Is 862 a factor of 686152?
True
Is 13 a factor of 36452?
True
Is 87 a factor of 763860?
True
Is 48 a factor of 245100?
False
Is 64 a factor of 9848064?
True
Does 16 divide 316905?
False
Is 2859001 a multiple of 68?
False
Is 70 a factor of 801822?
False
Is 3569 a multiple of 43?
True
Is 3287423 a multiple of 540?
False
Is 34 a factor of 1325932?
True
Is 18 a factor of 65160?
True
Is 11799788 a multiple of 26?
True
Does 242 divide 332024?
True
Does 51 divide 167947?
False
Is 88501 a multiple of 7?
True
Is 1101490 a multiple of 175?
False
Is 39648 a multiple of 168?
True
Is 593 a factor of 635776?
False
Is 30 a factor of 1298735?
False
Is 227 a factor of 3494586?
False
Is 323536 a multiple of 15?
False
Does 202 divide 31659?
False
Does 18 divide 37458?
True
Is 460858 a multiple of 261?
False
Does 282 divide 1423818?
True
Does 240 divide 8025274?
False
Is 11 a factor of 14642?
False
Does 1107 divide 1818801?
True
Is 76 a factor of 2501616?
True
Is 95 a factor of 880616?
False
Is 20 a factor of 56442?
False
Does 40 divide 449640?
True
Does 19 divide 15423277?
False
Is 106 a factor of 284610?
True
Is 3 a factor of 6220?
False
Is 241638 a multiple of 102?
True
Does 226 divide 511664?
True
Is 1699780 a multiple of 4?
True
Is 516 a factor of 2278656?
True
Is 378 a factor of 671414?
False
Does 336 divide 1879556?
False
Is 5061168 a multiple of 8?
True
Does 18 divide 114114?
False
Is 48 a factor of 2317127?
False
Is 765905 a multiple of 553?
True
Does 21 divide 4168143?
True
Is 1771260 a multiple of 16?
False
Does 16 divide 2430929?
False
Is 181770 a multiple of 415?
True
Is 5930 a multiple of 2?
True
Is 74412 a multiple of 39?
True
Does 193 divide 111940?
True
Is 2506537 a multiple of 179?
True
Does 7 divide 201831?
True
Does 526 divide 891570?
True
Does 622 divide 6438322?
True
Does 43 divide 198359?
True
Does 45 divide 1221435?
True
Is 107811 a multiple of 99?
True
Is 12841 a multiple of 585?
False
Does 313 divide 377478?
True
Is 522 a factor of 1053918?
True
Does 333 divide 39627?
True
Does 6 divide 152100?
True
Is 92 a factor of 1705920?
False
Is 2512175 a multiple of 87?
False
Is 5 a factor of 1040160?
True
Is 41 a factor of 57359?
True
Does 13 divide 646698?
True
Does 90 divide 3460590?
True
Is 5 a factor of 677985?
True
Is 329615 a multiple of 57?
False
Does 316 divide 393104?
True
Is 368190 a multiple of 9?
True
Is 113449 a multiple of 183?
False
Does 7 divide 1374735?
False
Does 6 divide 6213696?
True
Is 33 a factor of 13200?
True
Is 70 a factor of 30437540?
True
Does 162 divide 132840?
True
Is 516 a factor of 101652?
True
Is 10 a factor of 346064?
False
Is 9874730 a multiple of 31?
False
Does 325 divide 155675?
True
Is 66 a factor of 23562?
True
Is 9 a 